 k(0)?
-13
Let z(p) = 4*p**3. Let o(w) = 8*w**2 - 6 - 3*w + 8*w - w**3 + 5*w. Let u be o(9). Let n be (-2 + (-21)/(-9))*u. Determine z(n).
4
Let j(g) = 6 + g**3 - 2*g + 5*g**2 + g**2 - 8*g + 5*g. Determine j(-7).
-8
Let o(v) = -v + 5. Suppose 30 = 2*k + 3*k. Let t = 11 - k. Give o(t).
0
Let h(k) = k + 1. Let i(b) = b. Let n(r) = 2*h(r) - i(r). Give n(6).
8
Suppose -2*z + 6 = -0*c - 5*c, z - 12 = -2*c. Let f(g) = -g + 9. Calculate f(z).
1
Let c(y) = y + 12. Suppose 5*d + 5 = 20. Let r(a) = 3*a + 3. Let w be r(d). Suppose 3*t + 6 = -w. Determine c(t).
6
Let m(a) = -a**3 + 5*a**2 + 6*a + 1. Let t be m(6). Let v = 4 + t. Suppose -n = -v*n. Let y(l) = l - 5. What is y(n)?
-5
Let n(w) = 2*w**2 + 2*w - 1. Let h be n(-2). Let u(f) = -5*f + 4*f + h*f - f**3 + 3*f**2 + 4. Suppose 0 = c - z - 6, 2*c + 4*z = c - 4. What is u(c)?
-4
Let u(n) = -n - 3. Suppose -3*a = k + 39, -4*a - 57 = -0*k + 3*k. Let y(r) = -1. Let v(d) = a*y(d) + 3*u(d). Calculate v(-3).
12
Let w(g) be the third derivative of 0 - 3*g**2 + 0*g + 1/24*g**4 + 4/3*g**3. Let o be w(-7). Let u(f) = -9*f**2 + 1. Calculate u(o).
-8
Let x(y) = -2*y**2 - 11 - 2*y**2 + 2*y + 12. Let u be -1*((0 - 1) + 2). Determine x(u).
-5
Let k(c) = -c**2 + 4*c + 8. Let h(f) = -f**2 + 5*f + 8. Let m be ((-32)/(-12))/(2/24). Let p be m/12*(-3)/2. Let j(t) = p*k(t) + 3*h(t). Give j(0).
-8
Let c(j) = -5*j - 18. Let i(m) = m + 3. Let d(p) = -4*c(p) - 22*i(p). Let x be (2/4)/((-1)/(-8)). Calculate d(x).
-2
Let j(h) be the first derivative of -h**4/4 + 2*h**3 + h**2/2 + 4*h + 2. Give j(6).
10
Suppose 3*v - 25 - 5 = 0. Suppose y + 19 = 4*d, -5*y - 5*d = -4*d - v. Let w(u) = 5*u + 1. Give w(y).
6
Let s be (-2 - -1)*(-2 - -1). Let k(j) = -5*j**2 + 1. Calculate k(s).
-4
Let y(s) = -s**2 + 5*s + 4. Let q be y(5). Let j(c) = 6 + 4*c - q - c. What is j(2)?
8
Let p(n) be the first derivative of -1/2*n**2 - 1/4*n**4 + 3*n - 3 - 1/3*n**3. Give p(0).
3
Let c(p) = p**2 + 9*p + 10. Let u be c(-8). Suppose 0 = 5*x + 3*m + 50, x - 1 - 2 = u*m. Let b(r) = r**3 + 8*r**2 + 7*r + 1. What is b(x)?
1
Let g(y) = y**2 + 5*y - 4. Suppose -2*b = -2*w + 32, 31 + 2 = -2*b + 3*w. Let c = 10 + b. Give g(c).
-4
Let y = -9 + 11. Suppose -36 = 4*j + 4*r, -22 = y*j + 5*r - 2*r. Let p(a) = -a**2 - 5*a + 4. What is p(j)?
4
Let s(z) = -5*z**2 - 2*z + 2. Let i be s(1). Let f(p) = -p**3 - 6*p**2 - 6*p + 2. Give f(i).
7
Let n(i) = i**3 + 4*i**2 - 3*i - 7. Let q(s) = s**3 + 4*s**2 - 4*s - 7. Let c(k) = 2*n(k) - 3*q(k). Give c(-5).
2
Suppose -5*u - 2*s = -27, -3*u + 6*s - 3*s + 33 = 0. Let i(b) = 3*b**2 + b**2 + 6*b - 7 + 2*b + 6*b**3 - u*b**3. What is i(5)?
8
Suppose 0 = -4*g + 2*c - 7*c - 23, 5*c + 25 = -5*g. Let o(z) = -z**3 + 4*z**2 + 2*z - 1. Determine o(g).
19
Let n(a) = a**2 + 5. Let u(l) = -l + 3. Let w(c) = c**2 - 9*c - 7. Let f be w(10). Let s be u(f). Give n(s).
5
Let j(o) = -4*o + 7. Suppose 0 = 4*l - 8*l + 56. Let g be 15/(-2)*l/(-21). Give j(g).
-13
Let o(i) = -2 - 3 + 0 + 5*i + 3. Determine o(-2).
-12
Suppose 4*t - 30 = -86. Let p = t - -19. Let a(i) = i**2 - 4*i + 6. Calculate a(p).
11
Let z = 2 - 17. Let b be z*((-8)/12)/(-2). Let p(i) = -2 - 2*i - 4 - i**2 - 3*i. Determine p(b).
-6
Let y = -167 + 162. Let q(p) = -p - 8. What is q(y)?
-3
Let i(x) = -x**2 - 3. Let h(r) = 2*r**2 + 4. Let t(o) = -2*h(o) - 3*i(o). Determine t(-2).
-3
Let g(a) = -a. Let q(c) = -11*c - 3. Let b(m) = -5*g(m) + q(m). Calculate b(-3).
15
Let d(m) = -m**2 + 7*m - 4. Let c be ((-4)/(-8))/((-1)/12). Let v(p) = 3 - p + 0 - 4. Let x be v(c). Calculate d(x).
6
Let k(q) = 2*q**3 - q**2 - 3*q - 5. Let z = -6 - -2. Let i(d) = -5*d**3 + 2*d**2 + 7*d + 11. Let j(t) = z*i(t) - 9*k(t). Give j(1).
3
Let v(k) be the second derivative of -k**4/12 - 4*k**3/3 - 9*k**2/2 + 50*k. Determine v(-8).
-9
Let p(j) = 2*j**2 + 5*j. Suppose -3*n + 7 = 4*i - 1, 2*n - 4*i = -28. What is p(n)?
12
Let i(l) = l**2 + 7*l + 5. Let f(x) = -2*x + 9. Let s be f(6). Let r = -4 - s. Let y = r + -3. Give i(y).
-7
Let a(k) = k**3 + 3*k**2 + k - 2. Let b = -4 - -2. Let m be a(b). Let t(s) be the third derivative of -s**5/60 + s**4/24 - s**3/3 - s**2. Calculate t(m).
-2
Let a(s) = -s**3 - s**2 + 4*s + 3. Let y(n) = -2*n**3 - n**2 + 7*n + 6. Let w(z) = 5*a(z) - 2*y(z). What is w(-4)?
-5
Suppose 0 = -b - 3*b + 20. Let z(t) = -t + 6. Give z(b).
1
Suppose 0 = 3*t - 2*a - 7, 6*t - 2*t - a = 6. Let h = -16 + 19. Let u(v) = -v**2 - 10*v**h - v**3 + 3*v**2 - 3*v**2. What is u(t)?
-12
Let p(o) = -9*o**2 + o**3 - 2*o**3 + 8*o + 2*o**2. Let g be p(-8). Let d(v) = v**2 - 2*v + g + 3 - 2. Give d(1).
0
Let t(r) be the second derivative of -2*r**3/3 - r**2/2 - 13*r. Give t(4).
-17
Let s = 1 + 0. Let y = 5 - s. Let o(m) = -m**2 - 3 + 0*m**2 + 2*m - 2*m + 3*m. What is o(y)?
-7
Let c(s) = -2*s. Let o = -3 - -8. Suppose 0*q = o*q. Suppose u + 2 = -q. Give c(u).
4
Let t be (-96)/18 + (-2)/(-6). Let g(o) = 2*o - 5. Give g(t).
-15
Let r(g) = -g**3 + 4*g**2 + 7*g - 3. Suppose 0 = -4*x + q + 14, -27 + 11 = -2*x + 5*q. Let i be (-2 + -1)/x - -6. What is r(i)?
7
Let i(y) = 9*y + 9. Let f(o) = 5*o + 4. Let h(c) = -5*f(c) + 3*i(c). Give h(-8).
-9
Suppose -2*t = 3*d - t - 94, 2*d - 86 = 4*t. Let y be 70/(-22) + 6/d. Let v(g) = -g**2 + 1. Give v(y).
-8
Let u(a) = 2*a. Let r(y) = 2*y + 3. Let x be r(-3). Let h be u(x). Let d = h - -9. Let c(s) = s**2 - 3*s - 4. Calculate c(d).
-4
Let i = 33 + -36. Let r(a) be the first derivative of -a**4/4 - a**3 - a**2/2 + 2*a - 2. What is r(i)?
5
Let f(n) = -2*n**2 - 1. Let o(q) be the second derivative of q**4/12 - q**3 + q**2/2 + q. Let a be o(6). Let i be (-12)/(-4)*a/3. Give f(i).
-3
Let o = 5 + -2. Let l(j) = j**2 - 5*j - 1. Give l(o).
-7
Let q(s) be the third derivative of 0 + 3*s**2 + 1/6*s**4 + 0*s - 2/3*s**3 + 1/60*s**5. Let r be 16/12*(1 + -4). Calculate q(r).
-4
Suppose 2*z - 4 = -0*z, 2*o - 2*z = 28. Let m be (-36)/o - 3/(-12). Let a(i) = -i**2 - 2*i - 3. Give a(m).
-3
Let w(b) be the first derivative of -3*b**2/2 + 2*b - 14. Give w(2).
-4
Let r(w) = -w**2 + 5*w + 2*w**2 + 4 - 1. What is r(-3)?
-3
Let o(y) = 1. Let s(d) = -3*d - 21. Let n(k) = 63*o(k) + 3*s(k). Give n(-1).
9
Suppose 2*d - 8 = d. Let u(g) = -2*g + g**2 - 5*g - 11 + 0*g**2. Let k be u(d). Let t(j) = -j**2 - 5*j - 3. What is t(k)?
3
Suppose c = 5*c - 4. Let t be 2*((-15)/6 - c). Let b(k) = k**2 + 8*k + 8. Calculate b(t).
1
Let b(i) = i**3 - i**2 - 1. Let n(s) = -4*s**3 + 3*s**2 - 2*s + 4. Let o(x) = 5*b(x) + n(x). What is o(3)?
2
Let a(j) = 4*j. Let r(z) = 18*z. Let v(y) = -26*a(y) + 6*r(y). Calculate v(2).
8
Let v(c) be the third derivative of -c**7/840 + c**6/72 - c**5/120 + c**3/3 + c**2. Let s(h) be the first derivative of v(h). Calculate s(5).
-5
Let p(y) = -3*y + 2. Let j = 8 + -6. Let o be (1/j)/(4/16). Let u be p(o). Let k(l) = -l**2 - 5*l + 2. What is k(u)?
6
Let o(y) = -14*y**2 - 3*y - 12. Let k(u) = 5*u**2 + u + 4. Let r be 14*2/(-4) + 3. Let h(j) = r*o(j) - 11*k(j). What is h(0)?
4
Let t(n) = -10*n**2 + 21*n**2 - 12*n**2 - 2. Let a(f) = f**2 - 3*f - 4. Let j be a(4). Calculate t(j).
-2
Let k be ((-4)/(-3))/((-4)/6). Let u(q) = -3*q - 1. Calculate u(k).
5
Let m(u) = 3 + 0 - 2*u - 5. Give m(3).
-8
Let g(u) = u**2 + u - 1. Let b(q) = 14*q**2 + 2*q - 3. Let j(t) = b(t) - 3*g(t). Calculate j(1).
10
Let s(c) be the third derivative of 0*c + 2*c**2 - 1/360*c**6 + 0*c**3 + 7/120*c**5 + 1/6*c**4 + 0. Let a(b) be the second derivative of s(b). Calculate a(5).
-3
Let l(h) be the third derivative of -h**4/24 + h**3/2 - 4*h**2. Calculate l(-3).
6
Suppose 8 = z - 0*z + k, 26 = 2*z + 4*k. Let p(g) = -g**2 + 2*g + 1. Calculate p(z).
-2
Let p(o) = o**3 + 6*o**2 + 1. Suppose -7 - 8 = 3*i. Let d = i + -1. Give p(d).
1
Let x = 277 - 275. Let y(w) = -1 + w**2 - w**3 - 2 + 3*w + 1. What is y(x)?
0
Let x(v) = -v**2 + 1. Let o be x(-1). Let f be (-2)/(-1) + (o - -2). Let q(y) = y - 3. Let l(w) = -w. Let g(u) = f*l(u) + q(u). Calculate g(-2).
3
Let f(k) be the second derivative of -k**5/20 + 5*k**4/12 - 2*k**3/3 + 3*k**2/2 - k. Let d(n) = -2*n**3 + 11*n**2 + 7*n - 4. Let m be d(6). What is f(m)?
7
Let d = 11 + -4. Let x(g) = d*g**2 - 2*g**2 + 6 - 5*g - 6*g**3 + 5*g**3. Suppose -3 = -8*m + 5*m + 3*k, -2*k = 4*m - 22. Give x(m).
2
Let o = 183 - 191. Let c(d) = -3 + d**3 - 2 + 3 + 8*d**2. What is c(o)?
-2
Let h = -2 - -7. Suppose k + 2*i = 1